{"id":5,"date":"2021-02-26T10:35:24","date_gmt":"2021-02-26T10:35:24","guid":{"rendered":"https:\/\/jansen-zimmervermietung.de\/?page_id=5"},"modified":"2021-03-03T21:10:00","modified_gmt":"2021-03-03T21:10:00","slug":"gestalte-deine-website-mit-bloecken","status":"publish","type":"page","link":"https:\/\/jansen-zimmervermietung.de\/","title":{"rendered":"Ihre Unterkunft"},"content":{"rendered":"\n<figure class=\"wp-block-image size-medium is-resized\"><img loading=\"lazy\" decoding=\"async\" src=\"https:\/\/jansen-zimmervermietung.de\/wp-content\/uploads\/2021\/02\/cropped-Logo-1-300x243.jpg\" alt=\"\" class=\"wp-image-112\" width=\"225\" height=\"182\" srcset=\"https:\/\/jansen-zimmervermietung.de\/wp-content\/uploads\/2021\/02\/cropped-Logo-1-300x243.jpg 300w, https:\/\/jansen-zimmervermietung.de\/wp-content\/uploads\/2021\/02\/cropped-Logo-1-1024x830.jpg 1024w, https:\/\/jansen-zimmervermietung.de\/wp-content\/uploads\/2021\/02\/cropped-Logo-1-768x623.jpg 768w, https:\/\/jansen-zimmervermietung.de\/wp-content\/uploads\/2021\/02\/cropped-Logo-1-1140x924.jpg 1140w, https:\/\/jansen-zimmervermietung.de\/wp-content\/uploads\/2021\/02\/cropped-Logo-1.jpg 1248w\" sizes=\"auto, (max-width: 225px) 100vw, 225px\" \/><\/figure>\n\n\n\n<p><strong>Niederkr\u00fcchten<\/strong> liegt im Herzen des internationalen Naturparks Maas-Schwalm-Nette. Hier ergeben sich viele Freizeitm\u00f6glichkeiten wie Wandern, Radfahren, Angeln, Reiten, Tennis, Golf, u. a.<\/p>\n\n\n\n<p>Die A 52\/61 erreichen Sie schon in wenige Fahrminuten. So erreichen Sie die Stadt Roermond mit ihren hervorragenden Einkaufsm\u00f6glichkeiten, Lokalen, Gesch\u00e4ften und gro\u00dfem Outlet-Center und umfangreichen Wassersport M\u00f6glichkeiten mit zahlreichen Sportboot H\u00e4fen an der Maas.&nbsp;<\/p>\n\n\n\n<p>Die Stadt D\u00fcsseldorf und den Flughafen erreichen Sie in ca. 25 Fahrminuten.<\/p>\n\n\n\n<div style=\"height:53px\" aria-hidden=\"true\" class=\"wp-block-spacer\"><\/div>\n\n\n\n<div class=\"wp-block-columns alignwide are-vertically-aligned-center is-style-twentytwentyone-columns-overlap is-layout-flex wp-container-core-columns-is-layout-9d6595d7 wp-block-columns-is-layout-flex\">\n<div class=\"wp-block-column is-vertically-aligned-center is-layout-flow wp-block-column-is-layout-flow\">\n<figure class=\"wp-block-image alignfull size-large\"><img loading=\"lazy\" decoding=\"async\" width=\"1024\" height=\"683\" src=\"https:\/\/jansen-zimmervermietung.de\/wp-content\/uploads\/2021\/02\/Zimmer-04_6728-1024x683.jpg\" alt=\"\" class=\"wp-image-90\" srcset=\"https:\/\/jansen-zimmervermietung.de\/wp-content\/uploads\/2021\/02\/Zimmer-04_6728-1024x683.jpg 1024w, https:\/\/jansen-zimmervermietung.de\/wp-content\/uploads\/2021\/02\/Zimmer-04_6728-300x200.jpg 300w, https:\/\/jansen-zimmervermietung.de\/wp-content\/uploads\/2021\/02\/Zimmer-04_6728-768x512.jpg 768w, https:\/\/jansen-zimmervermietung.de\/wp-content\/uploads\/2021\/02\/Zimmer-04_6728-1140x760.jpg 1140w, https:\/\/jansen-zimmervermietung.de\/wp-content\/uploads\/2021\/02\/Zimmer-04_6728.jpg 1200w\" sizes=\"auto, (max-width: 1024px) 100vw, 1024px\" \/><\/figure>\n\n\n\n<div style=\"height:86px\" aria-hidden=\"true\" class=\"wp-block-spacer\"><\/div>\n\n\n\n<figure class=\"wp-block-image alignfull size-large is-style-twentytwentyone-image-frame\"><img loading=\"lazy\" decoding=\"async\" width=\"1024\" height=\"683\" src=\"https:\/\/jansen-zimmervermietung.de\/wp-content\/uploads\/2021\/02\/Kueche_6666-1024x683.jpg\" alt=\"\" class=\"wp-image-59\" srcset=\"https:\/\/jansen-zimmervermietung.de\/wp-content\/uploads\/2021\/02\/Kueche_6666-1024x683.jpg 1024w, https:\/\/jansen-zimmervermietung.de\/wp-content\/uploads\/2021\/02\/Kueche_6666-300x200.jpg 300w, https:\/\/jansen-zimmervermietung.de\/wp-content\/uploads\/2021\/02\/Kueche_6666-768x512.jpg 768w, https:\/\/jansen-zimmervermietung.de\/wp-content\/uploads\/2021\/02\/Kueche_6666-1140x760.jpg 1140w, https:\/\/jansen-zimmervermietung.de\/wp-content\/uploads\/2021\/02\/Kueche_6666.jpg 1200w\" sizes=\"auto, (max-width: 1024px) 100vw, 1024px\" \/><\/figure>\n<\/div>\n\n\n\n<div class=\"wp-block-column is-vertically-aligned-center is-layout-flow wp-block-column-is-layout-flow\">\n<div style=\"height:34px\" aria-hidden=\"true\" class=\"wp-block-spacer\"><\/div>\n\n\n\n<figure class=\"wp-block-image size-large alignfull size-full is-style-twentytwentyone-border\"><img loading=\"lazy\" decoding=\"async\" width=\"1024\" height=\"683\" src=\"https:\/\/jansen-zimmervermietung.de\/wp-content\/uploads\/2021\/02\/Kueche_6664-1024x683.jpg\" alt=\"\" class=\"wp-image-57\" srcset=\"https:\/\/jansen-zimmervermietung.de\/wp-content\/uploads\/2021\/02\/Kueche_6664-1024x683.jpg 1024w, https:\/\/jansen-zimmervermietung.de\/wp-content\/uploads\/2021\/02\/Kueche_6664-300x200.jpg 300w, https:\/\/jansen-zimmervermietung.de\/wp-content\/uploads\/2021\/02\/Kueche_6664-768x512.jpg 768w, https:\/\/jansen-zimmervermietung.de\/wp-content\/uploads\/2021\/02\/Kueche_6664-1140x760.jpg 1140w, https:\/\/jansen-zimmervermietung.de\/wp-content\/uploads\/2021\/02\/Kueche_6664.jpg 1200w\" sizes=\"auto, (max-width: 1024px) 100vw, 1024px\" \/><\/figure>\n<\/div>\n<\/div>\n\n\n\n<div style=\"height:50px\" aria-hidden=\"true\" class=\"wp-block-spacer\"><\/div>\n\n\n\n<div class=\"wp-block-columns is-layout-flex wp-container-core-columns-is-layout-9d6595d7 wp-block-columns-is-layout-flex\">\n<div class=\"wp-block-column is-layout-flow wp-block-column-is-layout-flow\" style=\"flex-basis:100%\">\n<div class=\"wp-block-group alignwide\"><div class=\"wp-block-group__inner-container is-layout-flow wp-block-group-is-layout-flow\">\n<div class=\"wp-block-columns alignwide are-vertically-aligned-top is-layout-flex wp-container-core-columns-is-layout-9d6595d7 wp-block-columns-is-layout-flex\">\n<div class=\"wp-block-column is-vertically-aligned-top is-layout-flow wp-block-column-is-layout-flow\">\n<h3 class=\"wp-block-heading\"><strong>Intakte Natur<\/strong><\/h3>\n\n\n\n<p>Der landschaftliche Reiz des d\u00fcnn besiedelten Gemeindegebietes und die damit verbundenen facettenreichen Sport-, Erholungs- und Freizeitm\u00f6glichkeiten pr\u00e4destinieren den Ort zu einem aktiven Wohnstandort. Neben den zahlreichen Outdoor-Aktivit\u00e4ten, zu&nbsp;<\/p>\n\n\n\n<p>denen f\u00fcr die weniger Aktiven auch mehrere Grillpl\u00e4tze geh\u00f6ren, erg\u00e4nzen Kegelbahnen, Tennispl\u00e4tze, ein Hallen- und Freibad und Reitanlagen das sportliche Programm.<\/p>\n\n\n\n<p>Die Sumpf- und Auenlandschaft rund um das Fl\u00fcsschen Schwalm mit ihren W\u00e4ldern und T\u00fcmpeln l\u00e4dt zum Wandern, Rad fahren und Ausspannen ein. Der Elmpter Schwalmbruch im Natur- und Landschaftsschutzgebiet Wacholderheide ist bekannt f\u00fcr seinen Artenreichtum. Nahezu 50 Prozent des Stadtgebietes ist mit Wald bedeckt. Viel gr\u00fcn bieten daher auch die Natur- und Landschaftsschutzgebiete Boschbeektal und L\u00fcsekamp. Das beliebte Naherholungsgebiet rund um den Venekotensee ist ein Eldorado f\u00fcr Wassersportfreunde, die hier die M\u00f6glichkeit zum Angeln, Boot fahren und Tauchen haben.<\/p>\n<\/div>\n\n\n\n<div class=\"wp-block-column is-vertically-aligned-top is-layout-flow wp-block-column-is-layout-flow\">\n<h3 class=\"wp-block-heading\"><strong>Gesunde Wirtschaft<\/strong><\/h3>\n\n\n\n<p>Trotz seiner naturnahen Lage im Naturpark Schwalm-Nette beherbergt Niederkr\u00fcchten einen gesunden Branchenmix aus den Bereichen Industrie, Handel, Dienstleistungen und Handwerk. Die Unternehmen sorgen in den Gewerbegebieten Dam und An der Beek f\u00fcr Arbeitspl\u00e4tze. Aber auch die zahlreichen Pendler unter den 15.000 Einwohnern gelangen \u00fcber die guten Verkehrsanbindungen schnell an ihren Arbeitsplatz. So entlastet die Autobahn A52 nicht nur die Innenstadt, sie sorgt gleichzeitig f\u00fcr eine ausgezeichnete Verbindung in die benachbarten Gro\u00dfst\u00e4dte M\u00f6nchengladbach und D\u00fcsseldorf.<\/p>\n\n\n\n<p>Niederkr\u00fcchten ist eine ruhige Gemeinde an der Grenze zu den Niederlanden, die Erholungssuchenden durchaus Einiges zu bieten hat.<\/p>\n\n\n\n<p><em>@Tobias Matthies<\/em><\/p>\n\n\n\n<p><em>Dieser Insider-Tipp spiegelt nur die Meinung des Autors wieder.<\/em><\/p>\n<\/div>\n<\/div>\n<\/div><\/div>\n<\/div>\n<\/div>\n\n\n\n<div style=\"height:100px\" aria-hidden=\"true\" class=\"wp-block-spacer\"><\/div>\n\n\n\n<div class=\"wp-block-cover alignwide has-green-background-color has-background-dim is-style-twentytwentyone-border\" style=\"background-image:url(https:\/\/jansen-zimmervermietung.de\/wp-content\/uploads\/2021\/02\/Umgebung_6736.jpg)\"><div class=\"wp-block-cover__inner-container is-layout-flow wp-block-cover-is-layout-flow\">\n<div class=\"wp-block-columns is-layout-flex wp-container-core-columns-is-layout-9d6595d7 wp-block-columns-is-layout-flex\">\n<div class=\"wp-block-column is-layout-flow wp-block-column-is-layout-flow\"><\/div>\n<\/div>\n<\/div><\/div>\n\n\n\n<div style=\"height:83px\" aria-hidden=\"true\" class=\"wp-block-spacer\"><\/div>\n\n\n\n<div class=\"wp-block-webfactory-map\"><div class=\"wp-block-webfactory-map\"><iframe loading=\"lazy\" width=\"100%\" height=\"300px\" src=\"https:\/\/www.google.com\/maps\/embed\/v1\/place?q=Laurentiusstra%C3%9Fe%204%2041372%20Niederkr%C3%BCchten&amp;maptype=roadmap&amp;zoom=18&amp;key=AIzaSyAjyDspiPfzEfjRSS5fQzm-3jHFjHxeXB4\" frameborder=\"0\"><\/iframe><\/div><\/div>\n\n\n\n<div style=\"height:83px\" aria-hidden=\"true\" class=\"wp-block-spacer\"><\/div>\n\n\n\n<figure class=\"wp-block-image size-medium\"><img loading=\"lazy\" decoding=\"async\" width=\"300\" height=\"73\" src=\"https:\/\/jansen-zimmervermietung.de\/wp-content\/uploads\/2021\/02\/f-Fade-so-on.e-Facebook-300x73.png\" alt=\"\" class=\"wp-image-215\" srcset=\"https:\/\/jansen-zimmervermietung.de\/wp-content\/uploads\/2021\/02\/f-Fade-so-on.e-Facebook-300x73.png 300w, https:\/\/jansen-zimmervermietung.de\/wp-content\/uploads\/2021\/02\/f-Fade-so-on.e-Facebook-1024x248.png 1024w, https:\/\/jansen-zimmervermietung.de\/wp-content\/uploads\/2021\/02\/f-Fade-so-on.e-Facebook-768x186.png 768w, https:\/\/jansen-zimmervermietung.de\/wp-content\/uploads\/2021\/02\/f-Fade-so-on.e-Facebook-1140x276.png 1140w, https:\/\/jansen-zimmervermietung.de\/wp-content\/uploads\/2021\/02\/f-Fade-so-on.e-Facebook.png 1286w\" sizes=\"auto, (max-width: 300px) 100vw, 300px\" \/><\/figure>\n","protected":false},"excerpt":{"rendered":"<p>Niederkr\u00fcchten liegt im Herzen des internationalen Naturparks Maas-Schwalm-Nette. Hier ergeben sich viele Freizeitm\u00f6glichkeiten wie Wandern, Radfahren, Angeln, Reiten, Tennis, Golf, u. a. Die A 52\/61 erreichen Sie schon in wenige Fahrminuten. So erreichen Sie die Stadt Roermond mit ihren hervorragenden Einkaufsm\u00f6glichkeiten, Lokalen, Gesch\u00e4ften und gro\u00dfem Outlet-Center und umfangreichen Wassersport M\u00f6glichkeiten mit zahlreichen Sportboot H\u00e4fen an der Maas.&nbsp; Die Stadt D\u00fcsseldorf und den Flughafen erreichen Sie in ca. 25 Fahrminuten. Intakte Natur Der landschaftliche Reiz des d\u00fcnn besiedelten Gemeindegebietes und die damit verbundenen facettenreichen Sport-, Erholungs- und Freizeitm\u00f6glichkeiten pr\u00e4destinieren den Ort zu einem aktiven Wohnstandort. Neben den zahlreichen Outdoor-Aktivit\u00e4ten, zu&nbsp; denen f\u00fcr die weniger Aktiven auch mehrere Grillpl\u00e4tze geh\u00f6ren, erg\u00e4nzen Kegelbahnen, Tennispl\u00e4tze, ein Hallen- und Freibad und Reitanlagen das sportliche Programm. Die Sumpf- und Auenlandschaft rund um das Fl\u00fcsschen Schwalm mit ihren W\u00e4ldern und T\u00fcmpeln l\u00e4dt zum Wandern, Rad fahren und Ausspannen ein. Der Elmpter Schwalmbruch im Natur- und Landschaftsschutzgebiet Wacholderheide ist bekannt f\u00fcr seinen Artenreichtum. Nahezu 50 Prozent des Stadtgebietes ist mit Wald bedeckt. Viel gr\u00fcn bieten daher auch die Natur- und Landschaftsschutzgebiete Boschbeektal und L\u00fcsekamp. Das beliebte Naherholungsgebiet rund um den Venekotensee ist ein Eldorado f\u00fcr Wassersportfreunde, die hier die M\u00f6glichkeit zum Angeln, Boot fahren und Tauchen haben. Gesunde Wirtschaft Trotz seiner naturnahen Lage im Naturpark Schwalm-Nette beherbergt Niederkr\u00fcchten einen gesunden Branchenmix aus den Bereichen Industrie, Handel, Dienstleistungen und Handwerk. Die Unternehmen sorgen in den Gewerbegebieten Dam und An der Beek f\u00fcr Arbeitspl\u00e4tze. Aber auch die zahlreichen Pendler unter den 15.000 Einwohnern gelangen \u00fcber die guten Verkehrsanbindungen schnell an ihren Arbeitsplatz. So entlastet die Autobahn A52 nicht nur die Innenstadt, sie sorgt gleichzeitig f\u00fcr eine ausgezeichnete Verbindung in die benachbarten Gro\u00dfst\u00e4dte M\u00f6nchengladbach und D\u00fcsseldorf. Niederkr\u00fcchten ist eine ruhige Gemeinde an der Grenze zu den Niederlanden, die Erholungssuchenden durchaus Einiges zu bieten hat. @Tobias Matthies Dieser Insider-Tipp spiegelt nur die Meinung des Autors wieder.<\/p>\n","protected":false},"author":1,"featured_media":0,"parent":0,"menu_order":0,"comment_status":"closed","ping_status":"closed","template":"","meta":{"footnotes":""},"class_list":["post-5","page","type-page","status-publish","hentry"],"yoast_head":"<!-- This site is optimized with the Yoast SEO plugin v26.7 - https:\/\/yoast.com\/wordpress\/plugins\/seo\/ -->\n<title>Ihre Unterkunft - Jansen Zimmervermietung<\/title>\n<meta name=\"robots\" content=\"index, follow, max-snippet:-1, max-image-preview:large, max-video-preview:-1\" \/>\n<link rel=\"canonical\" href=\"https:\/\/jansen-zimmervermietung.de\/\" \/>\n<meta property=\"og:locale\" content=\"de_DE\" \/>\n<meta property=\"og:type\" content=\"article\" \/>\n<meta property=\"og:title\" content=\"Ihre Unterkunft - Jansen Zimmervermietung\" \/>\n<meta property=\"og:description\" content=\"Niederkr\u00fcchten liegt im Herzen des internationalen Naturparks Maas-Schwalm-Nette. Hier ergeben sich viele Freizeitm\u00f6glichkeiten wie Wandern, Radfahren, Angeln, Reiten, Tennis, Golf, u. a. Die A 52\/61 erreichen Sie schon in wenige Fahrminuten. So erreichen Sie die Stadt Roermond mit ihren hervorragenden Einkaufsm\u00f6glichkeiten, Lokalen, Gesch\u00e4ften und gro\u00dfem Outlet-Center und umfangreichen Wassersport M\u00f6glichkeiten mit zahlreichen Sportboot H\u00e4fen an der Maas.&nbsp; Die Stadt D\u00fcsseldorf und den Flughafen erreichen Sie in ca. 25 Fahrminuten. Intakte Natur Der landschaftliche Reiz des d\u00fcnn besiedelten Gemeindegebietes und die damit verbundenen facettenreichen Sport-, Erholungs- und Freizeitm\u00f6glichkeiten pr\u00e4destinieren den Ort zu einem aktiven Wohnstandort. Neben den zahlreichen Outdoor-Aktivit\u00e4ten, zu&nbsp; denen f\u00fcr die weniger Aktiven auch mehrere Grillpl\u00e4tze geh\u00f6ren, erg\u00e4nzen Kegelbahnen, Tennispl\u00e4tze, ein Hallen- und Freibad und Reitanlagen das sportliche Programm. Die Sumpf- und Auenlandschaft rund um das Fl\u00fcsschen Schwalm mit ihren W\u00e4ldern und T\u00fcmpeln l\u00e4dt zum Wandern, Rad fahren und Ausspannen ein. Der Elmpter Schwalmbruch im Natur- und Landschaftsschutzgebiet Wacholderheide ist bekannt f\u00fcr seinen Artenreichtum. Nahezu 50 Prozent des Stadtgebietes ist mit Wald bedeckt. Viel gr\u00fcn bieten daher auch die Natur- und Landschaftsschutzgebiete Boschbeektal und L\u00fcsekamp. Das beliebte Naherholungsgebiet rund um den Venekotensee ist ein Eldorado f\u00fcr Wassersportfreunde, die hier die M\u00f6glichkeit zum Angeln, Boot fahren und Tauchen haben. Gesunde Wirtschaft Trotz seiner naturnahen Lage im Naturpark Schwalm-Nette beherbergt Niederkr\u00fcchten einen gesunden Branchenmix aus den Bereichen Industrie, Handel, Dienstleistungen und Handwerk. Die Unternehmen sorgen in den Gewerbegebieten Dam und An der Beek f\u00fcr Arbeitspl\u00e4tze. Aber auch die zahlreichen Pendler unter den 15.000 Einwohnern gelangen \u00fcber die guten Verkehrsanbindungen schnell an ihren Arbeitsplatz. So entlastet die Autobahn A52 nicht nur die Innenstadt, sie sorgt gleichzeitig f\u00fcr eine ausgezeichnete Verbindung in die benachbarten Gro\u00dfst\u00e4dte M\u00f6nchengladbach und D\u00fcsseldorf. Niederkr\u00fcchten ist eine ruhige Gemeinde an der Grenze zu den Niederlanden, die Erholungssuchenden durchaus Einiges zu bieten hat. @Tobias Matthies Dieser Insider-Tipp spiegelt nur die Meinung des Autors wieder.\" \/>\n<meta property=\"og:url\" content=\"https:\/\/jansen-zimmervermietung.de\/\" \/>\n<meta property=\"og:site_name\" content=\"Jansen Zimmervermietung\" \/>\n<meta property=\"article:publisher\" content=\"https:\/\/www.facebook.com\/JansenZimmervermietung.de\" \/>\n<meta property=\"article:modified_time\" content=\"2021-03-03T21:10:00+00:00\" \/>\n<meta property=\"og:image\" content=\"https:\/\/jansen-zimmervermietung.de\/wp-content\/uploads\/2021\/02\/cropped-Logo-1-300x243.jpg\" \/>\n<meta name=\"twitter:card\" content=\"summary_large_image\" \/>\n<meta name=\"twitter:label1\" content=\"Gesch\u00e4tzte Lesezeit\" \/>\n\t<meta name=\"twitter:data1\" content=\"2\u00a0Minuten\" \/>\n<script type=\"application\/ld+json\" class=\"yoast-schema-graph\">{\"@context\":\"https:\/\/schema.org\",\"@graph\":[{\"@type\":\"WebPage\",\"@id\":\"https:\/\/jansen-zimmervermietung.de\/\",\"url\":\"https:\/\/jansen-zimmervermietung.de\/\",\"name\":\"Ihre Unterkunft - Jansen Zimmervermietung\",\"isPartOf\":{\"@id\":\"https:\/\/jansen-zimmervermietung.de\/#website\"},\"primaryImageOfPage\":{\"@id\":\"https:\/\/jansen-zimmervermietung.de\/#primaryimage\"},\"image\":{\"@id\":\"https:\/\/jansen-zimmervermietung.de\/#primaryimage\"},\"thumbnailUrl\":\"https:\/\/jansen-zimmervermietung.de\/wp-content\/uploads\/2021\/02\/cropped-Logo-1-300x243.jpg\",\"datePublished\":\"2021-02-26T10:35:24+00:00\",\"dateModified\":\"2021-03-03T21:10:00+00:00\",\"breadcrumb\":{\"@id\":\"https:\/\/jansen-zimmervermietung.de\/#breadcrumb\"},\"inLanguage\":\"de\",\"potentialAction\":[{\"@type\":\"ReadAction\",\"target\":[\"https:\/\/jansen-zimmervermietung.de\/\"]}]},{\"@type\":\"ImageObject\",\"inLanguage\":\"de\",\"@id\":\"https:\/\/jansen-zimmervermietung.de\/#primaryimage\",\"url\":\"https:\/\/jansen-zimmervermietung.de\/wp-content\/uploads\/2021\/02\/cropped-Logo-1.jpg\",\"contentUrl\":\"https:\/\/jansen-zimmervermietung.de\/wp-content\/uploads\/2021\/02\/cropped-Logo-1.jpg\",\"width\":1248,\"height\":1012},{\"@type\":\"BreadcrumbList\",\"@id\":\"https:\/\/jansen-zimmervermietung.de\/#breadcrumb\",\"itemListElement\":[{\"@type\":\"ListItem\",\"position\":1,\"name\":\"Startseite\",\"item\":\"https:\/\/jansen-zimmervermietung.de\/\"},{\"@type\":\"ListItem\",\"position\":2,\"name\":\"Ihre Unterkunft\"}]},{\"@type\":\"WebSite\",\"@id\":\"https:\/\/jansen-zimmervermietung.de\/#website\",\"url\":\"https:\/\/jansen-zimmervermietung.de\/\",\"name\":\"Jansen Zimmervermietung\",\"description\":\"Ihre Unterkunft in Niederkr\u00fcchten - Elmpt\",\"publisher\":{\"@id\":\"https:\/\/jansen-zimmervermietung.de\/#organization\"},\"potentialAction\":[{\"@type\":\"SearchAction\",\"target\":{\"@type\":\"EntryPoint\",\"urlTemplate\":\"https:\/\/jansen-zimmervermietung.de\/?s={search_term_string}\"},\"query-input\":{\"@type\":\"PropertyValueSpecification\",\"valueRequired\":true,\"valueName\":\"search_term_string\"}}],\"inLanguage\":\"de\"},{\"@type\":\"Organization\",\"@id\":\"https:\/\/jansen-zimmervermietung.de\/#organization\",\"name\":\"Jansen Zimmervermietung\",\"url\":\"https:\/\/jansen-zimmervermietung.de\/\",\"logo\":{\"@type\":\"ImageObject\",\"inLanguage\":\"de\",\"@id\":\"https:\/\/jansen-zimmervermietung.de\/#\/schema\/logo\/image\/\",\"url\":\"https:\/\/jansen-zimmervermietung.de\/wp-content\/uploads\/2021\/02\/cropped-Logo-1.jpg\",\"contentUrl\":\"https:\/\/jansen-zimmervermietung.de\/wp-content\/uploads\/2021\/02\/cropped-Logo-1.jpg\",\"width\":1248,\"height\":1012,\"caption\":\"Jansen Zimmervermietung\"},\"image\":{\"@id\":\"https:\/\/jansen-zimmervermietung.de\/#\/schema\/logo\/image\/\"},\"sameAs\":[\"https:\/\/www.facebook.com\/JansenZimmervermietung.de\",\"https:\/\/www.instagram.com\/jansenzimmervermietung\/\"]}]}<\/script>\n<!-- \/ Yoast SEO plugin. -->","yoast_head_json":{"title":"Ihre Unterkunft - Jansen Zimmervermietung","robots":{"index":"index","follow":"follow","max-snippet":"max-snippet:-1","max-image-preview":"max-image-preview:large","max-video-preview":"max-video-preview:-1"},"canonical":"https:\/\/jansen-zimmervermietung.de\/","og_locale":"de_DE","og_type":"article","og_title":"Ihre Unterkunft - Jansen Zimmervermietung","og_description":"Niederkr\u00fcchten liegt im Herzen des internationalen Naturparks Maas-Schwalm-Nette. Hier ergeben sich viele Freizeitm\u00f6glichkeiten wie Wandern, Radfahren, Angeln, Reiten, Tennis, Golf, u. a. Die A 52\/61 erreichen Sie schon in wenige Fahrminuten. So erreichen Sie die Stadt Roermond mit ihren hervorragenden Einkaufsm\u00f6glichkeiten, Lokalen, Gesch\u00e4ften und gro\u00dfem Outlet-Center und umfangreichen Wassersport M\u00f6glichkeiten mit zahlreichen Sportboot H\u00e4fen an der Maas.&nbsp; Die Stadt D\u00fcsseldorf und den Flughafen erreichen Sie in ca. 25 Fahrminuten. Intakte Natur Der landschaftliche Reiz des d\u00fcnn besiedelten Gemeindegebietes und die damit verbundenen facettenreichen Sport-, Erholungs- und Freizeitm\u00f6glichkeiten pr\u00e4destinieren den Ort zu einem aktiven Wohnstandort. Neben den zahlreichen Outdoor-Aktivit\u00e4ten, zu&nbsp; denen f\u00fcr die weniger Aktiven auch mehrere Grillpl\u00e4tze geh\u00f6ren, erg\u00e4nzen Kegelbahnen, Tennispl\u00e4tze, ein Hallen- und Freibad und Reitanlagen das sportliche Programm. Die Sumpf- und Auenlandschaft rund um das Fl\u00fcsschen Schwalm mit ihren W\u00e4ldern und T\u00fcmpeln l\u00e4dt zum Wandern, Rad fahren und Ausspannen ein. Der Elmpter Schwalmbruch im Natur- und Landschaftsschutzgebiet Wacholderheide ist bekannt f\u00fcr seinen Artenreichtum. Nahezu 50 Prozent des Stadtgebietes ist mit Wald bedeckt. Viel gr\u00fcn bieten daher auch die Natur- und Landschaftsschutzgebiete Boschbeektal und L\u00fcsekamp. Das beliebte Naherholungsgebiet rund um den Venekotensee ist ein Eldorado f\u00fcr Wassersportfreunde, die hier die M\u00f6glichkeit zum Angeln, Boot fahren und Tauchen haben. Gesunde Wirtschaft Trotz seiner naturnahen Lage im Naturpark Schwalm-Nette beherbergt Niederkr\u00fcchten einen gesunden Branchenmix aus den Bereichen Industrie, Handel, Dienstleistungen und Handwerk. Die Unternehmen sorgen in den Gewerbegebieten Dam und An der Beek f\u00fcr Arbeitspl\u00e4tze. Aber auch die zahlreichen Pendler unter den 15.000 Einwohnern gelangen \u00fcber die guten Verkehrsanbindungen schnell an ihren Arbeitsplatz. So entlastet die Autobahn A52 nicht nur die Innenstadt, sie sorgt gleichzeitig f\u00fcr eine ausgezeichnete Verbindung in die benachbarten Gro\u00dfst\u00e4dte M\u00f6nchengladbach und D\u00fcsseldorf. Niederkr\u00fcchten ist eine ruhige Gemeinde an der Grenze zu den Niederlanden, die Erholungssuchenden durchaus Einiges zu bieten hat. @Tobias Matthies Dieser Insider-Tipp spiegelt nur die Meinung des Autors wieder.","og_url":"https:\/\/jansen-zimmervermietung.de\/","og_site_name":"Jansen Zimmervermietung","article_publisher":"https:\/\/www.facebook.com\/JansenZimmervermietung.de","article_modified_time":"2021-03-03T21:10:00+00:00","og_image":[{"url":"https:\/\/jansen-zimmervermietung.de\/wp-content\/uploads\/2021\/02\/cropped-Logo-1-300x243.jpg","type":"","width":"","height":""}],"twitter_card":"summary_large_image","twitter_misc":{"Gesch\u00e4tzte Lesezeit":"2\u00a0Minuten"},"schema":{"@context":"https:\/\/schema.org","@graph":[{"@type":"WebPage","@id":"https:\/\/jansen-zimmervermietung.de\/","url":"https:\/\/jansen-zimmervermietung.de\/","name":"Ihre Unterkunft - Jansen Zimmervermietung","isPartOf":{"@id":"https:\/\/jansen-zimmervermietung.de\/#website"},"primaryImageOfPage":{"@id":"https:\/\/jansen-zimmervermietung.de\/#primaryimage"},"image":{"@id":"https:\/\/jansen-zimmervermietung.de\/#primaryimage"},"thumbnailUrl":"https:\/\/jansen-zimmervermietung.de\/wp-content\/uploads\/2021\/02\/cropped-Logo-1-300x243.jpg","datePublished":"2021-02-26T10:35:24+00:00","dateModified":"2021-03-03T21:10:00+00:00","breadcrumb":{"@id":"https:\/\/jansen-zimmervermietung.de\/#breadcrumb"},"inLanguage":"de","potentialAction":[{"@type":"ReadAction","target":["https:\/\/jansen-zimmervermietung.de\/"]}]},{"@type":"ImageObject","inLanguage":"de","@id":"https:\/\/jansen-zimmervermietung.de\/#primaryimage","url":"https:\/\/jansen-zimmervermietung.de\/wp-content\/uploads\/2021\/02\/cropped-Logo-1.jpg","contentUrl":"https:\/\/jansen-zimmervermietung.de\/wp-content\/uploads\/2021\/02\/cropped-Logo-1.jpg","width":1248,"height":1012},{"@type":"BreadcrumbList","@id":"https:\/\/jansen-zimmervermietung.de\/#breadcrumb","itemListElement":[{"@type":"ListItem","position":1,"name":"Startseite","item":"https:\/\/jansen-zimmervermietung.de\/"},{"@type":"ListItem","position":2,"name":"Ihre Unterkunft"}]},{"@type":"WebSite","@id":"https:\/\/jansen-zimmervermietung.de\/#website","url":"https:\/\/jansen-zimmervermietung.de\/","name":"Jansen Zimmervermietung","description":"Ihre Unterkunft in Niederkr\u00fcchten - Elmpt","publisher":{"@id":"https:\/\/jansen-zimmervermietung.de\/#organization"},"potentialAction":[{"@type":"SearchAction","target":{"@type":"EntryPoint","urlTemplate":"https:\/\/jansen-zimmervermietung.de\/?s={search_term_string}"},"query-input":{"@type":"PropertyValueSpecification","valueRequired":true,"valueName":"search_term_string"}}],"inLanguage":"de"},{"@type":"Organization","@id":"https:\/\/jansen-zimmervermietung.de\/#organization","name":"Jansen Zimmervermietung","url":"https:\/\/jansen-zimmervermietung.de\/","logo":{"@type":"ImageObject","inLanguage":"de","@id":"https:\/\/jansen-zimmervermietung.de\/#\/schema\/logo\/image\/","url":"https:\/\/jansen-zimmervermietung.de\/wp-content\/uploads\/2021\/02\/cropped-Logo-1.jpg","contentUrl":"https:\/\/jansen-zimmervermietung.de\/wp-content\/uploads\/2021\/02\/cropped-Logo-1.jpg","width":1248,"height":1012,"caption":"Jansen Zimmervermietung"},"image":{"@id":"https:\/\/jansen-zimmervermietung.de\/#\/schema\/logo\/image\/"},"sameAs":["https:\/\/www.facebook.com\/JansenZimmervermietung.de","https:\/\/www.instagram.com\/jansenzimmervermietung\/"]}]}},"_links":{"self":[{"href":"https:\/\/jansen-zimmervermietung.de\/index.php?rest_route=\/wp\/v2\/pages\/5","targetHints":{"allow":["GET"]}}],"collection":[{"href":"https:\/\/jansen-zimmervermietung.de\/index.php?rest_route=\/wp\/v2\/pages"}],"about":[{"href":"https:\/\/jansen-zimmervermietung.de\/index.php?rest_route=\/wp\/v2\/types\/page"}],"author":[{"embeddable":true,"href":"https:\/\/jansen-zimmervermietung.de\/index.php?rest_route=\/wp\/v2\/users\/1"}],"replies":[{"embeddable":true,"href":"https:\/\/jansen-zimmervermietung.de\/index.php?rest_route=%2Fwp%2Fv2%2Fcomments&post=5"}],"version-history":[{"count":12,"href":"https:\/\/jansen-zimmervermietung.de\/index.php?rest_route=\/wp\/v2\/pages\/5\/revisions"}],"predecessor-version":[{"id":258,"href":"https:\/\/jansen-zimmervermietung.de\/index.php?rest_route=\/wp\/v2\/pages\/5\/revisions\/258"}],"wp:attachment":[{"href":"https:\/\/jansen-zimmervermietung.de\/index.php?rest_route=%2Fwp%2Fv2%2Fmedia&parent=5"}],"curies":[{"name":"wp","href":"https:\/\/api.w.org\/{rel}","templated":true}]}}